e greatest common divisor of 4 and d.
4
Let l be -2 + (-3 - -2) + 5. Let w(n) = l - n + 1 + 0. Let o be w(-8). What is the greatest common factor of o and 55?
11
Let h be (1/3)/((-12)/(-72)). Calculate the highest common divisor of 1 and h.
1
Let z = -78 - -94. Suppose 2*u + 11 = f, f - 5 = u + 2. Suppose 13 + 2 = 3*b, 4*m + f*b - 47 = 0. What is the greatest common divisor of m and z?
8
Let t(b) = b**2 + 11*b + 9. Let j be t(-6). Let m = -6 - j. Let k be (-1 + -5*2)*-15. What is the highest common divisor of k and m?
15
Let n(y) = 6*y**3 - 4*y**2 + y - 2. Let k be n(2). Suppose g = -2*g + 21. Let l = 11 - g. What is the greatest common factor of l and k?
4
Suppose 0 = 3*m - 31 - 95. What is the highest common divisor of 105 and m?
21
Let n be (-15)/2*12/(-15). Let k = n - 3. Let w be 476/20 + (-1)/(-5). What is the highest common divisor of w and k?
3
Suppose 0 = -b + 3*c - 0*c + 3, -3*b = -c - 17. Suppose 0 = 2*p - 7*p - 15, -b = -5*x - 3*p. What is the highest common factor of 21 and x?
3
Let a = -60 + 115. Let n = 49 - 27. What is the highest common divisor of a and n?
11
Let a be (-13)/3 + (-2)/(-6). Let d be (99/a)/(1/(-4)). Suppose 4*r - r = d. What is the highest common factor of 3 and r?
3
Suppose 4*y + 0*y = 80. Suppose 0 = -c + 4*r + 4, 2*c + 4*r - 8 = -0*c. Calculate the highest common divisor of y and c.
4
Let a be (20/7)/((-14)/(-49)). Suppose 3*f + 180 = 8*f. Suppose -2*r = -2*y - 90, 0 = -4*y - 16 + f. Calculate the highest common factor of r and a.
10
Suppose 0 = -m + b + 15, 0 = -b + 5 - 0. Let z = m + -10. Suppose -3*r + 15 = -0*r. What is the highest common factor of r and z?
5
Suppose 4*j + 2*k - 16 = 0, -5 + 2 = j - 3*k. Let i = j - -1. Suppose 0 = -i*r + 44 + 404. Calculate the greatest common factor of r and 14.
14
Suppose -v + 41 = -0*v. What is the highest common divisor of v and 164?
41
Suppose 3*p - 66 = -0*p. Let x be 0 - 3*22/(-6)*3. Calculate the greatest common divisor of x and p.
11
Let v = -266 + 268. Suppose -h - 12 = -3*h. What is the greatest common divisor of h and v?
2
Let p be (-2)/(6/(-9)) - 0. Suppose -4*j - p*g - 64 = 0, -3*j - j = g + 56. Let w be j/(-5) - (-2)/5. Calculate the greatest common factor of 6 and w.
3
Suppose 4*x - 3*r - 140 = 0, 5*x = 2*x + 4*r + 105. What is the greatest common factor of 105 and x?
35
Suppose -3*l = a - 294, -2*l - 2*a = -39 - 153. Let i = 3 + -3. Let x(d) = d + 9. Let s be x(i). What is the highest common divisor of s and l?
9
Let q = -53 - -205. What is the highest common factor of 19 and q?
19
Let b = 2 + -3. Let y = b - -3. Let m be 6 - (3 - 1)/y. What is the highest common factor of 40 and m?
5
Suppose -572 = -6*h + 568. Calculate the highest common divisor of h and 38.
38
Let y(z) = -z + 33. Let v be y(-15). Calculate the greatest common factor of 6 and v.
6
Suppose -263 = 2*b + 1. Let y be b/(-9) + (-2)/(-6). What is the highest common factor of 120 and y?
15
Let f = -33 + 69. What is the greatest common divisor of 12 and f?
12
Let s(m) = m**3 - 12*m**2 + 15. Let t be s(12). What is the greatest common divisor of t and 15?
15
Let f be (-1)/((-3)/(-2) + -2). Let p be 8 + -6 - (0 - f). Suppose 0 = 2*g - 20 - p. Calculate the greatest common factor of 12 and g.
12
Let w = 16 + 83. What is the highest common divisor of w and 66?
33
Let g be ((-28)/12 + 1)*-66. Calculate the greatest common factor of 11 and g.
11
Suppose 10 = 5*p - 5. Calculate the greatest common divisor of p and 21.
3
Suppose 243 = 2*x + x. Let u(r) = -5*r - 5. Let g be u(-2). Suppose -3*t = -y - 162, y = -5*t + g*y + 270. What is the greatest common factor of t and x?
27
Let c(f) = 2*f**3 + 2*f**2 - f. Let l be c(1). Let w be 8 + l + (-2 - 0). Calculate the greatest common divisor of w and 99.
9
Let d(z) = 2*z**2 + 6*z + 3. Let k be d(-3). Calculate the greatest common divisor of 33 and k.
3
Let b = 5 + 16. What is the greatest common factor of b and 21?
21
Let i be ((-6)/10)/(2/(-10)). Let x(t) = 69*t**2 - 3*t - 13*t**2 - 1 + i*t. Let m be x(-1). Calculate the highest common divisor of 22 and m.
11
Let f(u) = 10*u**3 - 2*u**2 + 4*u - 3. Let k be f(2). Let t = k + -44. Suppose 4*a + a = 110. What is the greatest common factor of t and a?
11
Let m(x) = -x**3 + 3*x**2 + 6*x - 2. Let o be m(-5). What is the highest common factor of 24 and o?
24
Suppose -36 = 3*j - 3. Let v(o) = o**2 + 10*o - 5. Let m be v(j). Suppose 3*p = 2*y + 32, -3*p - y = -m*y - 35. Calculate the highest common factor of p and 15.
5
Let l be (3 - 2) + 2 + 42. Let a be ((-15)/(-4))/(3/24). Calculate the highest common factor of l and a.
15
Let j = 18 - 32. Let k be (-12)/j*7*2. Let o = -135 + 267. What is the highest common divisor of k and o?
12
Let a = 226 + -51. Calculate the greatest common factor of 25 and a.
25
Let x(z) = -z**3 + 13*z**2 - 11*z + 1. Let h be x(12). What is the highest common factor of h and 1?
1
Let l(j) = 2*j + 18. Let k be l(-5). Calculate the highest common factor of 8 and k.
8
Let b(i) = -i**2 + 12*i + 1. Let q be b(10). Calculate the greatest common divisor of 42 and q.
21
Suppose -2*r = -5*r + 33. Let j(c) = 13*c**2 - c - 1. Let g be j(-3). Suppose u + o = -0*o + g, u = 5*o + 131. Calculate the highest common factor of u and r.
11
Suppose -f = -0*f - 11. Let y(c) = -c**3 + 12*c**2 - 10*c - 12. Let r be y(10). What is the highest common factor of f and r?
11
Let o(u) = 9*u**2 - 8*u - 11. Let i be o(-4). What is the greatest common factor of 15 and i?
15
Suppose v = -2, v = 5*h - 4*v - 60. What is the highest common factor of 50 and h?
10
Suppose -3*p + 255 = 5*y, y - 255 = -4*y + 3*p. Let w = y - 23. What is the greatest common divisor of w and 14?
14
Let b = 153 + -57. Calculate the greatest common factor of b and 12.
12
Let n = 3 - -19. Suppose -3*c + 148 - n = 0. What is the highest common divisor of c and 6?
6
Let f be (-2 + (-3 - -1))*-4. Suppose 4*k - 271 = 129. Let u = -52 + k. What is the highest common factor of f and u?
16
Let y(o) = -23*o + 13. Let l = -15 + 6. Let k be y(l). Calculate the greatest common factor of 20 and k.
20
Suppose 2 = v + 1. Let m = v - -14. Calculate the highest common factor of 75 and m.
15
Let f = 29 - 15. Suppose -5*g - 45 = -5*h, 0 = -5*h - g - 2*g + 5. Suppose -4*x - h*i = -300, 2*i - 75 = -x + 5. What is the greatest common divisor of f and x?
14
Let x be 622/4 - (-3)/6. Let h = x - 84. Calculate the highest common divisor of 9 and h.
9
Suppose -4*z + 1 = -3*z. Calculate the greatest common divisor of z and 5.
1
Let f = 28 - 14. What is the highest common divisor of 35 and f?
7
Suppose 5*v + 3*x - x - 27 = 0, 4*x - 4 = 0. Suppose 0*h = v*h - 5, -4 = -r + 5*h. Calculate the highest common factor of 6 and r.
3
Let j = 3 - -27. What is the greatest common divisor of 6 and j?
6
Let m = -3 + -1. Let n = m + 13. Calculate the highest common factor of n and 45.
9
Let a(q) = -q**3 + 9*q**2 + q - 6. Let t be a(9). Suppose -u = -5*s + t*s - 34, -3*s = u - 39. Let i = -4 + 28. Calculate the highest common factor of i and u.
12
Suppose 0 = -3*h + 1 + 26. Let l(d) = 31*d + 6. Let b be l(3). Calculate the greatest common factor of b and h.
9
Suppose 3*o - 3*p - 34 = -8*p, -3*o + 2*p = -20. Calculate the highest common factor of o and 88.
8
Suppose 5*z + 3*q - 426 = 0, -5*q - 41 = -3*z + 201. Calculate the highest common divisor of 56 and z.
28
Let s(c) = -5*c - 9. Let t be s(-6). What is the highest common divisor of t and 7?
7
Let z(a) = a**2 + 5*a - 8. Let u(y) = 2*y + 3. Let w be u(-5). Let s be z(w). Calculate the greatest common factor of s and 2.
2
Let a be (-4)/14 + (-2)/(-7). Suppose s - 4 + a = 0. Suppose 8 = 5*i - 22. Calculate the greatest common divisor of s and i.
2
Let l(y) = -y**3 + y**2 - y - 2. Let s be l(2). Let n = -5 - s. Suppose -4*o - 2 = -g - g, -3*o = -n*g + 9. Calculate the greatest common factor of g and 20.
5
Let o(y) = -y**3 + 6*y**2 + y + 2. Let c be o(6). What is the greatest common divisor of c and 64?
8
Suppose -9*p + 51 = -6*p. What is the greatest common factor of 119 and p?
17
Suppose 2*r = -5*n - 10 - 8, -3*r + 3*n + 15 = 0. Calculate the highest common factor of r and 3.
1
Let l = 61 + -39. What is the highest common factor of 22 and l?
22
Suppose h = 4*d + 5*h - 76, 5*h - 77 = -4*d. What is the greatest common divisor of 126 and d?
18